40 is divided by 115?
110
What is the remainder when 127 is divided by 22?
17
Calculate the remainder when 1031 is divided by 52.
43
Calculate the remainder when 41 is divided by 7.
6
What is the remainder when 1921 is divided by 74?
71
Calculate the remainder when 85 is divided by 56.
29
Calculate the remainder when 124 is divided by 18.
16
What is the remainder when 562 is divided by 94?
92
What is the remainder when 83 is divided by 21?
20
What is the remainder when 2151 is divided by 24?
15
Calculate the remainder when 1499 is divided by 188.
183
Calculate the remainder when 27 is divided by 17.
10
What is the remainder when 8035 is divided by 423?
421
What is the remainder when 38 is divided by 38?
0
Calculate the remainder when 158 is divided by 37.
10
Calculate the remainder when 2369 is divided by 72.
65
Calculate the remainder when 110 is divided by 19.
15
What is the remainder when 136 is divided by 37?
25
Calculate the remainder when 893 is divided by 14.
11
Calculate the remainder when 2663 is divided by 78.
11
Calculate the remainder when 146 is divided by 47.
5
Calculate the remainder when 54717 is divided by 10.
7
Calculate the remainder when 1897 is divided by 62.
37
Calculate the remainder when 4352 is divided by 22.
18
Calculate the remainder when 943 is divided by 238.
229
What is the remainder when 82 is divided by 7?
5
What is the remainder when 10 is divided by 5?
0
What is the remainder when 233 is divided by 102?
29
What is the remainder when 422 is divided by 46?
8
Calculate the remainder when 216 is divided by 38.
26
What is the remainder when 195 is divided by 89?
17
What is the remainder when 5103 is divided by 14?
7
What is the remainder when 1415 is divided by 13?
11
What is the remainder when 3869 is divided by 43?
42
Calculate the remainder when 59 is divided by 11.
4
Calculate the remainder when 435 is divided by 353.
82
Calculate the remainder when 248 is divided by 28.
24
What is the remainder when 316 is divided by 16?
12
Calculate the remainder when 4784 is divided by 67.
27
Calculate the remainder when 777 is divided by 98.
91
Calculate the remainder when 537 is divided by 37.
19
Calculate the remainder when 7643 is divided by 62.
17
What is the remainder when 880 is divided by 126?
124
Calculate the remainder when 158 is divided by 32.
30
Calculate the remainder when 459 is divided by 7.
4
What is the remainder when 1547 is divided by 129?
128
What is the remainder when 267 is divided by 71?
54
Calculate the remainder when 472 is divided by 161.
150
Calculate the remainder when 2334 is divided by 29.
14
What is the remainder when 111 is divided by 38?
35
Calculate the remainder when 1487 is divided by 21.
17
What is the remainder when 4047 is divided by 45?
42
Calculate the remainder when 950 is divided by 124.
82
Calculate the remainder when 346 is divided by 88.
82
Calculate the remainder when 147 is divided by 11.
4
Calculate the remainder when 254 is divided by 54.
38
Calculate the remainder when 90 is divided by 3.
0
What is the remainder when 1491 is divided by 107?
100
Calculate the remainder when 223 is divided by 34.
19
Calculate the remainder when 347 is divided by 35.
32
Calculate the remainder when 1903 is divided by 30.
13
What is the remainder when 394 is divided by 66?
64
What is the remainder when 322 is divided by 193?
129
What is the remainder when 133 is divided by 46?
41
Calculate the remainder when 3850 is divided by 959.
14
What is the remainder when 997 is divided by 40?
37
What is the remainder when 1932 is divided by 627?
51
What is the remainder when 290 is divided by 39?
17
Calculate the remainder when 366 is divided by 16.
14
What is the remainder when 831 is divided by 414?
3
What is the remainder when 83 is divided by 17?
15
Calculate the remainder when 5127 is divided by 466.
1
Calculate the remainder when 1697 is divided by 34.
31
What is the remainder when 198 is divided by 25?
23
What is the remainder when 465 is divided by 2?
1
What is the remainder when 256 is divided by 54?
40
What is the remainder when 827 is divided by 138?
137
What is the remainder when 234 is divided by 47?
46
Calculate the remainder when 120 is divided by 61.
59
What is the remainder when 62 is divided by 29?
4
What is the remainder when 57 is divided by 39?
18
What is the remainder when 221 is divided by 58?
47
Calculate the remainder when 24649 is divided by 11.
9
What is the remainder when 4244 is divided by 11?
9
Calculate the remainder when 481 is divided by 121.
118
Calculate the remainder when 673 is divided by 97.
91
Calculate the remainder when 891 is divided by 19.
17
What is the remainder when 121 is divided by 11?
0
What is the remainder when 771 is divided by 9?
6
What is the remainder when 798 is divided by 35?
28
Calculate the remainder when 259 is divided by 121.
17
Calculate the remainder when 759 is divided by 19.
18
What is the remainder when 401 is divided by 33?
5
Calculate the remainder when 738 is divided by 78.
36
Calculate the remainder when 933 is divided by 18.
15
What is the remainder when 249 is divided by 212?
37
What is the remainder when 138 is divided by 42?
12
Calculate the remainder when 364 is divided by 43.
20
What is the remainder when 1674 is divided by 831?
12
Calculate the remainder when 1457 is divided by 61.
54
What is the remainder when 957 is divided by 7?
5
Calculate the remainder when 414 is divided by 105.
99
What is the remainder when 78 is divided by 10?
8
Calculate the remainder when 585 is divided by 8.
1
Calculate the remainder when 30 is divided by 6.
0
Calculate the remainder when 2586 is divided by 364.
38
What is the remainder when 41 is divided by 10?
1
Calculate the remainder when 2005 is divided by 223.
221
What is the remainder when 5565 is divided by 58?
55
What is the remainder when 3618 is divided by 3609?
9
What is the remainder when 2639 is divided by 870?
29
Calculate the remainder when 789 is divided by 46.
7
What is the remainder when 78 is divided by 7?
1
Calculate the remainder when 8121 is divided by 55.
36
What is the remainder when 2642 is divided by 49?
45
Calculate the remainder when 3231 is divided by 32.
31
What is the remainder when 809 is divided by 29?
26
Calculate the remainder when 55 is divided by 34.
21
What is the remainder when 409 is divided by 104?
97
What is the remainder when 33 is divided by 30?
3
What is the remainder when 223 is divided by 25?
23
What is the remainder when 146 is divided by 3?
2
Calculate the remainder when 686 is divided by 101.
80
What is the remainder when 101 is divided by 13?
10
What is the remainder when 198 is divided by 178?
20
What is the remainder when 1457 is divided by 392?
281
Calculate the remainder when 6627 is divided by 15.
12
Calculate the remainder when 115 is divided by 31.
22
Calculate the remainder when 499 is divided by 462.
37
What is the remainder when 113 is divided by 58?
55
Calculate the remainder when 270 is divided by 17.
15
Calculate the remainder when 203 is divided by 72.
59
What is the remainder when 310 is divided by 52?
50
What is the remainder when 193 is divided by 98?
95
What is the remainder when 735 is divided by 186?
177
Calculate the remainder when 10 is divided by 2.
0
Calculate the remainder when 292 is divided by 7.
5
What is the remainder when 133 is divided by 20?
13
Calculate the remainder when 1183 is divided by 15.
13
What is the remainder when 1590 is divided by 527?
9
What is the remainder when 462 is divided by 143?
33
Calculate the remainder when 2047 is divided by 82.
79
Calculate the remainder when 4211 is divided by 49.
46
What is the remainder when 437 is divided by 43?
7
Calculate the remainder when 1183 is divided by 32.
31
What is the remainder when 1551 is divided by 65?
56
What is the remainder when 2802 is divided by 61?
57
What is the remainder when 153 is divided by 13?
10
Calculate the remainder when 482 is divided by 23.
22
Calculate the remainder when 1641 is divided by 137.
134
What is the remainder when 519 is divided by 26?
25
Calculate the remainder when 562 is divided by 81.
76
Calculate the remainder when 125 is divided by 36.
17
Calculate the remainder when 3675 is divided by 23.
18
What is the remainder whe